9
What is the remainder when 2406 is divided by 88?
30
What is the remainder when 956 is divided by 174?
86
Calculate the remainder when 3662 is divided by 609.
8
Calculate the remainder when 4170 is divided by 2072.
26
Calculate the remainder when 72157 is divided by 171.
166
What is the remainder when 28909 is divided by 23?
21
What is the remainder when 19844 is divided by 6613?
5
What is the remainder when 41633 is divided by 162?
161
Calculate the remainder when 2603 is divided by 8.
3
Calculate the remainder when 652 is divided by 362.
290
Calculate the remainder when 476 is divided by 268.
208
What is the remainder when 1333 is divided by 502?
329
Calculate the remainder when 10752 is divided by 189.
168
Calculate the remainder when 68186 is divided by 10.
6
What is the remainder when 41679 is divided by 20670?
339
What is the remainder when 10563 is divided by 10552?
11
What is the remainder when 7073 is divided by 354?
347
What is the remainder when 68689 is divided by 545?
19
Calculate the remainder when 2873 is divided by 401.
66
Calculate the remainder when 32744 is divided by 64.
40
What is the remainder when 142055 is divided by 47?
21
Calculate the remainder when 4841 is divided by 934.
171
Calculate the remainder when 1872 is divided by 110.
2
What is the remainder when 2608 is divided by 90?
88
What is the remainder when 1700 is divided by 90?
80
What is the remainder when 57337 is divided by 1103?
1084
Calculate the remainder when 197990 is divided by 126.
44
What is the remainder when 8009 is divided by 67?
36
Calculate the remainder when 485003 is divided by 5.
3
What is the remainder when 23245 is divided by 3299?
152
Calculate the remainder when 26015 is divided by 25991.
24
Calculate the remainder when 4156 is divided by 1364.
64
Calculate the remainder when 1150619 is divided by 10.
9
Calculate the remainder when 11201 is divided by 658.
15
Calculate the remainder when 2072 is divided by 15.
2
What is the remainder when 10673 is divided by 86?
9
What is the remainder when 51193 is divided by 167?
91
What is the remainder when 75046 is divided by 24?
22
Calculate the remainder when 21302 is divided by 374.
358
What is the remainder when 42019 is divided by 978?
943
Calculate the remainder when 269093 is divided by 78.
71
What is the remainder when 10749 is divided by 320?
189
Calculate the remainder when 1843 is divided by 207.
187
What is the remainder when 12156 is divided by 1000?
156
Calculate the remainder when 747980 is divided by 249322.
14
Calculate the remainder when 743578 is divided by 68.
66
What is the remainder when 14515 is divided by 518?
11
What is the remainder when 19413 is divided by 13?
4
What is the remainder when 31387 is divided by 341?
15
Calculate the remainder when 430018 is divided by 180.
178
What is the remainder when 180166 is divided by 116?
18
What is the remainder when 13472 is divided by 518?
4
What is the remainder when 79264 is divided by 66?
64
What is the remainder when 8696 is divided by 84?
44
What is the remainder when 4563 is divided by 4?
3
What is the remainder when 91476 is divided by 772?
380
What is the remainder when 19567 is divided by 369?
10
Calculate the remainder when 528 is divided by 502.
26
Calculate the remainder when 48188 is divided by 29.
19
Calculate the remainder when 21079 is divided by 289.
271
What is the remainder when 623067 is divided by 14?
11
Calculate the remainder when 458 is divided by 166.
126
What is the remainder when 4447 is divided by 4?
3
Calculate the remainder when 20427 is divided by 69.
3
What is the remainder when 38252 is divided by 450?
2
Calculate the remainder when 6247 is divided by 6242.
5
Calculate the remainder when 27427 is divided by 610.
587
What is the remainder when 7171 is divided by 1142?
319
Calculate the remainder when 251997 is divided by 25.
22
What is the remainder when 509403 is divided by 23?
22
What is the remainder when 140247 is divided by 34?
31
Calculate the remainder when 1125 is divided by 226.
221
Calculate the remainder when 2376 is divided by 239.
225
Calculate the remainder when 2182 is divided by 436.
2
Calculate the remainder when 1222 is divided by 214.
152
Calculate the remainder when 37280 is divided by 14.
12
Calculate the remainder when 2046 is divided by 108.
102
What is the remainder when 6764 is divided by 2199?
167
Calculate the remainder when 12702 is divided by 477.
300
Calculate the remainder when 117953 is divided by 1999.
12
Calculate the remainder when 1915 is divided by 155.
55
What is the remainder when 16691 is divided by 135?
86
What is the remainder when 17638 is divided by 28?
26
What is the remainder when 344522 is divided by 22968?
2
What is the remainder when 627540 is divided by 21?
18
Calculate the remainder when 2685 is divided by 438.
57
What is the remainder when 76034 is divided by 172?
10
What is the remainder when 8760 is divided by 149?
118
Calculate the remainder when 1096 is divided by 1063.
33
Calculate the remainder when 18465 is divided by 253.
249
Calculate the remainder when 3191 is divided by 266.
265
What is the remainder when 5000 is divided by 4624?
376
What is the remainder when 11852 is divided by 2367?
17
Calculate the remainder when 6371 is divided by 94.
73
What is the remainder when 566 is divided by 271?
24
Calculate the remainder when 8633 is divided by 1200.
233
Calculate the remainder when 4634 is divided by 38.
36
What is the remainder when 923267 is divided by 47?
46
Calculate the remainder when 4718 is divided by 10.
8
Calculate the remainder when 121653 is divided by 168.
21
Calculate the remainder when 95930 is divided by 19.
18
What is the remainder when 56947 is divided by 20?
7
What is the remainder when 6364 is divided by 3174?
16
Calculate the remainder when 12408 is divided by 33.
0
Calculate the remainder when 4123 is divided by 121.
9
What is the remainder when 13994 is divided by 398?
64
What is the remainder when 876 is divided by 289?
9
What is the remainder when 8607 is divided by 93?
51
Calculate the remainder when 8851 is divided by 731.
79
Calculate the remainder when 12829 is divided by 723.
538
Calculate the remainder when 1928390 is divided by 702.
698
What is the remainder when 18626 is divided by 19?
6
Calculate the remainder when 68 is divided by 59.
9
What is the remainder when 6520 is divided by 3250?
20
Calculate the remainder when 3554 is divided by 3361.
193
Calculate the remainder when 95712 is divided by 75.
12
What is the remainder when 6496 is divided by 56?
0
What is the remainder when 7238 is divided by 166?
100
What is the remainder when 312887 is divided by 20?
7
What is the remainder when 110458 is divided by 175?
33
What is the remainder when 51901 is divided by 422?
417
Calculate the remainder when 874 is divided by 619.
255
What is the remainder when 3652 is divided by 129?
40
Calculate the remainder when 825 is divided by 37.
11
Calculate the remainder when 4152351 is divided by 34.
33
What is the remainder when 1645487 is divided by 432?
431
Calculate the remainder when 1127 is divided by 56.
7
Calculate the remainder when 29994 is divided by 352.
74
Calculate the remainder when 38237 is divided by 3177.
113
Calculate the remainder when 4889 is divided by 441.
38
What is the remainder when 10865 is divided by 1498?
379
What is the remainder when 1870 is divided by 18?
16
What is the remainder when 19449 is divided by 926?
3
Calculate the remainder when 37307 is divided by 12427.
26
What is the remainder when 34496 is divided by 34494?
2
Calculate the remainder when 31988 is divided by 6376.
108
What is the remainder when 9834 is divided by 491?
14
Calculate the remainder when 26064 is divided by 1629.
0
Calculate the remainder when 32180 is divided by 225.
5
What is the remainder when 1255718 is divided by 40?
38
What is the remainder when 27391 is divided by 86?
43
What is the remainder when 2160 is divided by 264?
48
What is the remainder when 107977 is divided by 205?
147
Calculate the remainder when 3931 is divided by 328.
323
What is the remainder when 37283 is divided by 656?
547
What is the remainder when 1122171 is divided by 18?
15
What is the remainder when 69408 is divided by 34696?
16
Calc